Let x be h(-7). Determine m(x).
1
Suppose -3 = -h - 2*h. Let s = 3 - h. Let n(g) = 10*g - 3 + 9 - 6*g + g**s. Give n(-4).
6
Let k = 192 + -186. Let p(z) = -2*z**2 + 10*z + 7. Determine p(k).
-5
Let c(y) = 0*y**2 + 0*y**2 - 2*y + 3*y**2. Let k(v) = -v**2 - v + 1. Let x(q) = -c(q) + k(q). Let f(o) be the first derivative of x(o). What is f(-1)?
9
Let m(i) = i - 2. Suppose t = -3*u, 2*t = -0*u + 5*u. Determine m(u).
-2
Let s(n) = 4*n + 0*n - 4 + 3. Let z(k) = -k**3 - 5*k**2 + 5*k - 4. Let i be z(-6). Give s(i).
7
Let d(w) be the second derivative of w**4/4 - w**3/3 + 3*w**2/2 + 3*w. Let l(b) be the first derivative of d(b). Calculate l(2).
10
Let l(d) = d**3 + 2*d**2 - 2*d + 1. Let n be l(-3). Let v be -1 + (3 + n - -1). Let h(a) = 12*a**2 - a + 1. What is h(v)?
12
Let z(g) = 6*g**3 - g. Let p be z(1). Let l = 7 - p. Let h(x) = 0*x - x**3 + x + 5*x**l - 1 + 0. Determine h(5).
4
Let l be (-34)/(-12) + 4/24. Let m(k) be the first derivative of -k**2/2 - 3*k - 7. Calculate m(l).
-6
Let t(x) be the second derivative of -x**4/6 + x**3/2 + x**2 - 19*x. Let g(d) = -d**2 - 4*d. Let n be (3/(-4))/(1/4). Let o be g(n). Give t(o).
-7
Let w be (-2)/(-3)*(-6)/(-1). Let b = w - 4. Suppose 5*f + 4*h + 13 = -18, -2*f + 5*h + 14 = b. Let o(r) = r**3 + 4*r**2 + 4*r + 2. Determine o(f).
-1
Suppose 3*r + 9 = -0. Let q(k) be the first derivative of 3*k**2/2 + 115. Give q(r).
-9
Let b(o) = 4*o - 7. Suppose 0 = 3*d + z - 11, -3*d + 5*d + 2 = 4*z. Suppose -4*g + 8 = d*h - 9*g, 4*g = 8. Give b(h).
17
Let m = 7 - 6. Let r be m/((-3)/9 + 0). Let n(p) = -2*p**2 - 5*p - 2. Give n(r).
-5
Let g(y) be the second derivative of -y**4/12 + 2*y**3/3 - y**2/2 + y. Let m = 4 - 4. Suppose 0 = -3*j + 1 - 4, 4*s - j - 9 = m. Calculate g(s).
3
Let p(s) = -s + 1. Let x(j) = j**3 - 3*j**2 + j - 4. Let b(k) = -3*p(k) - x(k). Let n = 13 + -13. Let f = n + 4. What is b(f)?
-7
Let b(u) be the first derivative of -u**2 + 3*u + 2. Let w(f) = 1. Let k(n) = -n**2 - 5*n + 3. Let d(l) = k(l) - 4*w(l). Let h be d(-4). Determine b(h).
-3
Let i = -2 + -3. Let x(z) = 35 + 31 - 67 - 2*z. What is x(i)?
9
Let w(q) = -3 + 1 + 6 + q - 3. Let c(g) = -4*g - 3. Let h(k) = -2*c(k) - 9*w(k). Determine h(4).
-7
Let t(z) be the first derivative of 2*z**3/3 + 3*z**2/2 + 3*z - 24. What is t(-2)?
5
Let m(v) = -8*v**2 - 18*v - 10. Let w(c) = -3*c**2 - 6*c - 3. Let d(l) = 4*m(l) - 11*w(l). Calculate d(6).
-7
Let u(z) = -9*z + 9*z - 6 - 6*z**2 - 5*z**3. Let d(o) = 14*o**3 + 17*o**2 + o + 17. Let a(w) = -3*d(w) - 8*u(w). Determine a(-2).
7
Let r(u) = 0*u + u**3 - u**2 + 7*u**2 - u + 0*u. Suppose 5*v = 3*v - 12. What is r(v)?
6
Let m(j) = j + 6 + 9 - 14. Give m(1).
2
Suppose 0*h + 5*h = 0. Let j(g) = -g + 2. Determine j(h).
2
Let q(d) = -d + 2. Let c(o) = -6*o + 9. Let i(g) = 2*c(g) - 11*q(g). Determine i(-6).
2
Let k(d) be the second derivative of 2*d**3/3 + d**2 + d. Let a be ((-4)/6)/(22/363). Let q = -9 - a. What is k(q)?
10
Let r(a) = -2*a**3 + 7*a**2 - 17*a - 7. Let x(s) = 3*s**3 - 10*s**2 + 26*s + 11. Let u(i) = 8*r(i) + 5*x(i). What is u(5)?
-6
Let b(u) = u**3 + 2*u**2 - 2*u - 1. Let s be -6*(4 - (-33)/(-9)). Determine b(s).
3
Suppose -5*l + x - 40 = 0, -2*x = 4*l - 6*x + 48. Let y(o) = -o**3 - 6*o**2 + 9*o + 7. Give y(l).
-7
Let c(l) be the third derivative of l**5/15 - l**4/24 + 2*l**2. Suppose -5*b + 12 = -2*b. Let k be -1 + 4*2/b. What is c(k)?
3
Let o be ((-10)/15)/((-4)/(-18)). Let i(d) = 7*d - 3. Let h(j) = 3*j - 1. Let w(n) = 5*h(n) - 2*i(n). Give w(o).
-2
Suppose 5*g = -f - 2 + 17, f = -4*g + 13. Let d(q) be the first derivative of 1 - 7*q + 5*q**2 - 6*q**g - 2*q. What is d(-6)?
3
Let c = 1 + 1. Let y(m) = 1. Let f(t) = -t + 4. Let q(k) = -3*k + 7. Let j(w) = -5*f(w) + 2*q(w). Let u(p) = c*y(p) - j(p). Calculate u(0).
8
Let a(z) = -5 - 2*z + 2*z - 2*z. Let c = 9 + -6. Suppose -c*q + 5*b + 13 = 0, 34 = -2*q - 4*b + 6. Determine a(q).
3
Let p = -1 - -1. Let s(h) be the second derivative of 0*h**3 + 1/12*h**4 - 2*h + 0 - 9/2*h**2. What is s(p)?
-9
Suppose 0 = -2*d - 0*d + 8. Let k(i) = -4*i**2 - d*i**2 - 2*i - 6 + 0 + 3*i**2 - i**3. Suppose 3*x + 7 + 8 = 0. What is k(x)?
4
Suppose -h + 24 = 5*a - 0*h, a - 3 = -2*h. Let g = -3 + a. Let n(p) = -4*p - p**g + 2*p**2 + 7 - p. Give n(5).
7
Let u(i) = -i**3 - 5*i**2 - 4. Suppose -2*s + 6 = s. Suppose 0*h = -s*h - 14. Let g(l) = l**3 + 7*l**2 - 5. Let a be g(h). Calculate u(a).
-4
Suppose 21 = 3*i + 21. Let u(q) = -q - 3. What is u(i)?
-3
Suppose -a - 7 + 4 = 0. Let i be a - (-1 + -3 + 0). Let h(j) = -6*j**2 + 5*j + 7. Let r(n) = 5*n**2 - 4*n - 6. Let k(b) = -6*h(b) - 7*r(b). Calculate k(i).
-1
Let h(s) = 0 + 5*s - 4*s - 1 + 0. Give h(-5).
-6
Let i be ((-16)/14)/4 - 180/(-42). Let n(c) = 3*c**2 - 7*c - 2*c**2 + 3*c. Calculate n(i).
0
Suppose 0 = h - u + 1, 3*h - 5*u - 5 = -6. Let t(o) = 13*o - 3. Let m(y) = 6*y - 1. Let s(i) = 9*m(i) - 4*t(i). What is s(h)?
-1
Let b(z) = -4*z + 1. Let n be 16/(-2) + (2 - 3). Let k(y) = y + 7. Let i be k(n). Determine b(i).
9
Let o = -6 + 13. Suppose 4*z - w + 19 = -6*w, 4*w + o = 5*z. Let b(l) = 11*l**2 + 2*l + 1. Give b(z).
10
Let k(o) be the first derivative of -o**2 - 2*o + 13. What is k(2)?
-6
Suppose b = -2*b - 45. Let c = 21 + b. Let s = -11 + c. Let m(w) = -w**3 - 4*w**2 + 4*w - 7. Calculate m(s).
-2
Let u(b) = -2*b**3 + 2*b**2 + b - 4. Let y(d) = d**3 + d**2 - d. Let g(s) = -u(s) - 3*y(s). Calculate g(-5).
-6
Suppose 0 = 4*v - 3*u - 4, 8*u = -v + 7*u + 8. Let n(t) = 4*t + 5. Let y(l) = -5*l - 5. Let m(k) = -7*n(k) - 6*y(k). What is m(v)?
3
Let y(c) = c**2 + 5*c - 3. Let q(o) = 4*o**2 + 20*o - 11. Let k(x) = -2*q(x) + 9*y(x). Determine k(-6).
1
Suppose 0*t + 6 = 2*t. Suppose b - 1 = 1. Let o(f) = 0 - 2*f - f**2 + 2 - t*f**b - 1. Calculate o(-2).
-11
Let s(r) = -r**2 + 10*r + 1. Let v be s(10). Let i(h) = -4*h + h + 6*h - v + 0. What is i(3)?
8
Let r(t) = -t**2 + 1. Let m(x) = 6*x**2 + 4*x + 1. Let j(p) = m(p) + 2*r(p). Let d = 3 - 5. Determine j(d).
11
Let u(l) be the third derivative of l**8/6720 + l**7/504 + l**6/120 + l**5/60 - l**4/12 + 5*l**2. Let y(m) be the second derivative of u(m). Determine y(-4).
-6
Let b(u) = u**3 - 6*u**2 - 9*u + 7. Let i be (-30)/(-4) - 12/24. Calculate b(i).
-7
Let j(x) = -x - 1. Suppose -5*n - 7 - 8 = 0. Let y = 2 - n. Let v = y - 7. Determine j(v).
1
Suppose -f + 2*f = 2. Let q(l) = 3*l**2 + f + l + 0 + 3*l - 2*l**2. Determine q(-3).
-1
Let v(t) = 5*t - 2. Suppose 3*s = -3*m - 4 + 7, -4*s - m + 7 = 0. What is v(s)?
8
Let i(v) = v**2. Suppose -2*w = -3*x - 7, -4 = 4*x - 3*w + 7. Calculate i(x).
1
Suppose -d - 4*d = 15. Let w(j) = 2*j**2 + 5*j + 2. Calculate w(d).
5
Let o(d) be the first derivative of d**3/3 - 4*d**2 + 5*d - 2. Suppose f - 3*f - 4*u + 20 = 0, 4*f - 2*u - 20 = 0. Determine o(f).
-7
Let n(j) = -j + 1. Let v be n(-3). Let r(t) = t**2 + 1 + 2*t**3 + 2*t**3 + t**2 - v*t**2. Determine r(-1).
-5
Let h(o) be the third derivative of 0*o**3 + 1/24*o**4 + 1/720*o**6 + 0 + 0*o + 0*o**5 + 2*o**2. Let m(f) be the second derivative of h(f). Give m(0).
0
Let g = 7 - 4. Suppose 0 = -y - a + g, 0*a - 3*a = 5*y - 17. Let m(o) = o + o**2 - o**3 + 0*o**3 + 2 - o**2 - y*o**2. What is m(-4)?
-2
Let p(o) be the third derivative of -o**4/12 + o**3/2 - o**2. Let w = 7 - 6. Let g be (-1)/(w + (-18)/15). Determine p(g).
-7
Let z(s) = -214 + s + 225 + 0*s. What is z(-6)?
5
Let d be ((-6)/(-5))/((-3)/(-10)). Let h = d + -1. Let q(j) = j - 5. Calculate q(h).
-2
Let u(p) = -6*p**3 - 2*p - 1. Let o(b) = -b**2 + 9*b - 9. Let x be o(8). What is u(x)?
7
Let w = -2 + 2. Let a(x) = w*x + 5*x - 1 + 0. Suppose -3*p = n - 5, 3*p - 1 = -10*n + 5*n. Give a(n).
-6
Let x = 34 + -32. Let s(l) = 2*l**2 - 2*l + 1. Determine s(x).
5
Let a(w) = w + 1. Suppose k = -5*l, -2*k = -3*k + l. Suppose 4*i + k*s + s = 16, -s = -2*i + 2. Let z be (-1)/(2 - 5/i). What is a(z)?
-2
Let w be (-5 - -7)*(-3)/2. Let t = w - -18. Let b be (18/t)/(3/10). Let p(k) = k - 1. Determine p(b).
3
Let s(c) = 2*c**2 - c - 1. Suppose -5*i = 5*y + 5, -4*y - 21 = 5*i - 3*y. Let j = i + 8. Suppose -j + 5 = h. Give s(h).
5
Let t(m) be the second derivative of m**5/20 + m. Suppose 8 = -4*a - 4*o, 2*o = 3*a - 6 - 3. What is t(a)?
1
Let r(j) = -4*j**3 - 7*j**2 - 4*j - 10. Let n = -25 + 18. Let p(q) = q**3 + 2*q**2 + q + 3. Let b(f) = n*p(f) - 2*r(f). Give b(